hat is -139 - -5?
-134
In base 2, what is 1100 + -110?
110
In base 9, what is 146 - 0?
146
In base 12, what is -5 - -326?
321
In base 15, what is -2 + -797?
-799
In base 10, what is -21 + -32?
-53
In base 5, what is 1 + -32?
-31
In base 7, what is -3 - -6601?
6565
In base 7, what is 540 + -3?
534
In base 8, what is 510 + -2?
506
In base 2, what is -100 + 100010001?
100001101
In base 12, what is 3 - 2601?
-25ba
In base 16, what is 107 - -2?
109
In base 3, what is -12 - -111?
22
In base 12, what is -5 - 71?
-76
In base 4, what is 11 - 120301?
-120230
In base 9, what is -264 - -13?
-251
In base 9, what is 13 - 13?
0
In base 8, what is 73 + -41?
32
In base 5, what is 20 - 321?
-301
In base 8, what is 10 - 36?
-26
In base 6, what is 0 - 124?
-124
In base 13, what is -11 - 63?
-74
In base 7, what is 4 - -133?
140
In base 4, what is 30300 + 1?
30301
In base 14, what is -3 + 8c?
89
In base 4, what is 0 - -111233?
111233
In base 6, what is 13 + -12?
1
In base 10, what is 520 - 20?
500
In base 7, what is 30 - 5?
22
In base 15, what is -ea64 - 2?
-ea66
In base 13, what is 2 - 21?
-1c
In base 12, what is -8a + -7?
-95
In base 5, what is 21334 + -3?
21331
In base 12, what is -88 - 4?
-90
In base 4, what is -1 - 110001?
-110002
In base 16, what is -3fd - 9?
-406
In base 2, what is -111 - 101000?
-101111
In base 10, what is 1 - 11?
-10
In base 6, what is -4 + 205?
201
In base 5, what is 2 + 10?
12
In base 12, what is -3b51 - 1?
-3b52
In base 4, what is 21100 - 1?
21033
In base 15, what is 231 - -3?
234
In base 13, what is 10 + b?
1b
In base 9, what is 162 - 6?
155
In base 12, what is -216 - -3?
-213
In base 2, what is 111101 + -101?
111000
In base 3, what is -201201 - -2?
-201122
In base 9, what is 5 - 0?
5
In base 3, what is -2102 + -2?
-2111
In base 8, what is -3 - 5105?
-5110
In base 11, what is 2 + -298?
-296
In base 5, what is 31 - 320?
-234
In base 4, what is 10 - -233?
303
In base 4, what is -1 + 32?
31
In base 11, what is -79 + -17?
-95
In base 4, what is 13221 + 11?
13232
In base 5, what is 133 + 10?
143
In base 9, what is 5 + 155?
161
In base 16, what is -2c + -6?
-32
In base 2, what is 1110010 - 10110111?
-1000101
In base 3, what is -12 + 2200212?
2200200
In base 14, what is -4 - 7?
-b
In base 12, what is 1518 - -1?
1519
In base 4, what is 113232 + -11?
113221
In base 2, what is 111010 + 11?
111101
In base 6, what is -3 - 4345?
-4352
In base 7, what is -2 + -124?
-126
In base 2, what is -101 - -11100?
10111
In base 7, what is 525 + 5?
533
In base 10, what is 171 + -12?
159
In base 3, what is 12 + 2120202?
2120221
In base 3, what is 12 - 100121?
-100102
In base 4, what is 21 - -132?
213
In base 4, what is -21111 + 131?
-20320
In base 5, what is -1 - 10004?
-10010
In base 6, what is -12502 + -13?
-12515
In base 4, what is 233313 + 10?
233323
In base 6, what is -2 + -1102?
-1104
In base 15, what is -2 + 98?
96
In base 7, what is 232 - 23?
206
In base 2, what is 1111111 - 110?
1111001
In base 5, what is -344 - -1?
-343
In base 10, what is 82 - -1?
83
In base 12, what is 235 + 2?
237
In base 5, what is -4 - 13411?
-13420
In base 6, what is 1 - 233?
-232
In base 9, what is -67 + -212?
-280
In base 14, what is 1 + 32?
33
In base 6, what is -141 + -43?
-224
In base 13, what is 5 - 174?
-16c
In base 15, what is 6 + -101?
-ea
In base 8, what is 21 + 1?
22
In base 5, what is 140 + -10?
130
In base 12, what is 135 - 7?
12a
In base 8, what is 42 + -102?
-40
In base 14, what is 3 - 3a0?
-39b
In base 14, what is 77 + -3?
74
In base 2, what is -1110001111 - -11000?
-1101110111
In base 4, what is -23001 + -10?
-23011
In base 2, what is 11 + -10000110?
-10000011
In base 7, what is -201105 + 1?
-201104
In base 5, what is 1341 + -2?
1334
In base 13, what is 196 - a?
189
In base 13, what is -2 - 37?
-39
In base 12, what is 5a - 10?
4a
In base 13, what is 12a + 1?
12b
In base 15, what is b1 + 2?
b3
In base 10, what is 4 - 1259?
-1255
In base 3, what is -12 + -1212?
-2001
In base 6, what is 3223 + 0?
3223
In base 12, what is 468 - 0?
468
In base 2, what is 100 + -11001110?
-11001010
In base 16, what is -3 + -7c?
-7f
In base 16, what is 530 - 5?
52b
In base 12, what is -366 - 4?
-36a
In base 2, what is -110000111001 + 101?
-110000110100
In base 4, what is 0 - 223?
-223
In base 8, what is 21 - 27?
-6
In base 13, what is 5 + 9b6?
9bb
In base 2, what is -1 - -1110011?
1110010
In base 5, what is 4 + -1002?
-443
In base 3, what is -1020 - 110021?
-111111
In base 8, what is 1 + 12?
13
In base 11, what is 0 - 9?
-9
In base 6, what is -2504 - 1?
-2505
In base 7, what is 100 + 2?
102
In base 2, what is -1000 - -1001?
1
In base 8, what is 0 + -113?
-113
In base 3, what is -12 - 1001?
-1020
In base 13, what is 1 + -323?
-322
In base 9, what is -37055 - 2?
-37057
In base 16, what is -13 + -10?
-23
In base 4, what is 11 - 30?
-13
In base 8, what is 316 - 6?
310
In base 6, what is 1501 - -4?
1505
In base 10, what is -977 + -3?
-980
In base 9, what is 61 + 16?
77
In base 4, what is 12002 + 3?
12011
In base 10, what is -70 - -9?
-61
In base 6, what is 3130 - 3?
3123
In base 7, what is -3 - -4505?
4502
In base 10, what is 105 + -3?
102
In base 6, what is 12440 + 0?
12440
In base 13, what is 2 + -3c7?
-3c5
In base 6, what is -20 - 21?
-41
In base 16, what is -181d - -3?
-181a
In base 12, what is -5 - 2b?
-34
In base 11, what is 6 - -30?
36
In base 13, what is -c3b - 4?
-c42
In base 14, what is -24 + -5b?
-81
In base 4, what is -1 + 1011002?
1011001
In base 8, what is -5577 + -1?
-5600
In base 10, what is -12 - -8?
-4
In base 3, what is -12 - -102111?
102022
In base 7, what is -5 + 6?
1
In base 14, what is -4a04 - 5?
-4a09
In base 6, what is -54 + -1?
-55
In base 9, what is -583 + 5?
-577
In base 10, what is 413 - 27?
386
In base 13, what is 13a + 56?
193
In base 7, what is 0 + -351?
-351
In base 16, what is 0 + -50?
-50
In base 15, what is 3 + a8?
ab
In base 12, what is -9 + -93?
-a0
In base 16, what is 497 - -3?
49a
In base 6, what is 143 - 4?
135
In base 8, what is -30614 - 2?
-30616
In base 11, what is 9 - -97?
a5
In base 8, what is 4 + 110?
114
In base 13, what is -139 + 14?
-125
In base 4, what is 2 - -113?
121
In base 2, what is 10110100 + -100?
10110000
In base 5, what is 222 + 112?
334
In base 12, what is -6a90 - -5?
-6a87
In base 9, what is 340 + -3?
336
In base 8, what is -1723 + 7?
-1714
In base 4, what is 2 + 222131?
222133
In base 14, what is a - c?
-2
In base 7, what is 2 + 260?
262
In base 2, what is -10 - -10001000?
10000110
In base 16, what is -2 + -60?
-62
In base 3, what is 1 - -2212?
2220
In base 5, what is 1433443 - 3?
1433440
In base 7, what is 3 - -3404?
3410
In base 4, what is -331010 + -1?
-331011
In base 3, what is 112 - -1102?
1221
In base 7, what is -566 + -36?
-635
In base 12, what is -3b4 - 2?
-3b6
In base 2, what is -1000 - -1001111?
1000111
In base 2, what is 10011010 - 11?
10010111
In base 4, what is 1232 - -2?
1300
In base 16, what is -1 + 40?
3f
In base 8, what is 36 + 5?
43
In base 8, what is -6 + 23?
15
In base 8, what is -10 - 200?
-210
In base 11, what is 0 + -4086?
-4086
In base 5, what is -2142 - 1?
-2143
In base 4, what is 2 + 13312?
13320
In base 8, what is 3 + -2751?
-2746
In base 3, what is -201000202 + 1?
-201000201
In base 5, what is -140230 - 3?
-140233
In base 2, what is 100000001 - 0?
100000001
In base 9, what is 2 - 1038?
-1036
In base 2, what is 1110010 - 100?
1101110
In base 3, what is -10 - 10120?
-10200
In base 3, what is 1110 + 11212?
20022
In base 5, what is -1 + -43?
-44
In base 13, what is -1 + 25?
24
In base 6, what is -452 + 0?
-452
In base 2, what is 101 + 11001111?
11010100
In base 12, what is 2 + -25?
-23
In base 2, what is -101 + 10000?
1011
In base 14, what is 4 + 2361?
2365
In base 10, what is 20 + -7?
13
In base 10, what is -1 - 271?
-272
In base 16, what is 716 - 5?
711
In base 7, what is 0 - 625?
-625
In base 11, what is -1 + -112?
-113
In base 6, what is 0 + -14?
-14
In base 14, what is -5 - -d9?
d4
In base 16, what is -f1 - -1?
-f0
In base 13, what is -132 + 52?
-b0
In base 14, what is 0 - -40?
40
In base 9, what is -378 + -8?
-387
In base 10, what is -928 + 4?
-924
In base 9, what is -22 + -57?
-80
In base 5, what is -10 + 43432?
43422
In base 2, what is -1100101100000 - 10?
-1100101100010
In base 9, what is -5 